 greatest common factor of 1841 and 56.
7
What is the highest common divisor of 1122 and 66?
66
What is the greatest common factor of 12 and 6?
6
What is the greatest common divisor of 240 and 15?
15
Calculate the highest common factor of 510 and 8262.
102
Calculate the highest common divisor of 14 and 350.
14
What is the highest common divisor of 3219 and 333?
111
What is the highest common divisor of 1311 and 115?
23
What is the greatest common divisor of 15 and 375?
15
What is the highest common factor of 153 and 68?
17
What is the highest common divisor of 18 and 198?
18
What is the highest common factor of 23 and 207?
23
Calculate the highest common factor of 210 and 9114.
42
Calculate the greatest common divisor of 13485 and 580.
145
What is the highest common divisor of 432 and 240?
48
Calculate the highest common divisor of 240 and 1280.
80
Calculate the highest common factor of 10959 and 13.
13
Calculate the highest common factor of 81 and 1737.
9
Calculate the highest common divisor of 813 and 542.
271
What is the greatest common divisor of 5346 and 36?
18
What is the greatest common factor of 29172 and 34?
34
Calculate the highest common factor of 124 and 31.
31
What is the highest common divisor of 36 and 198?
18
Calculate the highest common factor of 14339 and 39.
13
Calculate the greatest common divisor of 736 and 92.
92
Calculate the highest common divisor of 4 and 2008.
4
What is the highest common divisor of 481 and 74?
37
What is the greatest common divisor of 1001 and 14?
7
Calculate the highest common factor of 2279 and 215.
43
What is the highest common divisor of 128 and 1104?
16
What is the greatest common divisor of 8982 and 18?
18
Calculate the greatest common factor of 100 and 332.
4
What is the highest common factor of 126 and 28?
14
Calculate the highest common factor of 21 and 14.
7
Calculate the greatest common factor of 77 and 112.
7
Calculate the greatest common divisor of 63 and 42.
21
Calculate the highest common divisor of 26 and 754.
26
What is the greatest common factor of 39 and 104?
13
Calculate the greatest common divisor of 147 and 1568.
49
Calculate the highest common factor of 676 and 234.
26
Calculate the greatest common factor of 21 and 161.
7
Calculate the highest common divisor of 20 and 220.
20
Calculate the highest common divisor of 462 and 66297.
231
What is the highest common divisor of 8 and 24?
8
Calculate the highest common divisor of 14063 and 1715.
343
Calculate the greatest common divisor of 19405 and 5.
5
Calculate the highest common factor of 2 and 9.
1
Calculate the highest common factor of 24 and 1032.
24
What is the greatest common factor of 938 and 2948?
134
Calculate the greatest common divisor of 12127 and 181.
181
What is the greatest common factor of 14 and 3227?
7
What is the greatest common divisor of 522 and 58?
58
What is the highest common factor of 70 and 1550?
10
Calculate the greatest common factor of 33 and 1452.
33
Calculate the highest common divisor of 7910 and 210.
70
Calculate the highest common factor of 18 and 261.
9
Calculate the highest common divisor of 164 and 2870.
82
What is the highest common factor of 50 and 3550?
50
What is the greatest common divisor of 1312 and 128?
32
Calculate the highest common factor of 2216 and 24.
8
What is the highest common divisor of 34 and 2?
2
What is the greatest common factor of 50 and 150?
50
Calculate the greatest common divisor of 57 and 2109.
57
Calculate the highest common factor of 329 and 376.
47
What is the greatest common factor of 4087 and 134?
67
Calculate the highest common factor of 99 and 187.
11
What is the highest common divisor of 63 and 2324?
7
What is the greatest common divisor of 209 and 57?
19
Calculate the highest common divisor of 731 and 215.
43
What is the highest common divisor of 273 and 1659?
21
Calculate the highest common factor of 6056 and 8.
8
Calculate the greatest common divisor of 1417 and 327.
109
Calculate the highest common factor of 15023 and 166.
83
Calculate the greatest common divisor of 40 and 340.
20
Calculate the greatest common divisor of 5893 and 415.
83
What is the highest common divisor of 7 and 1981?
7
Calculate the greatest common factor of 46 and 2898.
46
What is the greatest common divisor of 35500 and 852?
284
Calculate the greatest common divisor of 168 and 24.
24
Calculate the highest common divisor of 976 and 192.
16
Calculate the greatest common divisor of 143 and 221.
13
Calculate the greatest common factor of 1440 and 234.
18
Calculate the highest common divisor of 369 and 1968.
123
Calculate the greatest common divisor of 80 and 24880.
80
Calculate the greatest common divisor of 977 and 4.
1
Calculate the highest common factor of 11 and 11.
11
What is the highest common divisor of 195 and 5?
5
What is the greatest common divisor of 105 and 63?
21
What is the greatest common factor of 3785 and 5?
5
What is the greatest common factor of 32 and 48?
16
What is the highest common divisor of 40 and 85?
5
What is the greatest common divisor of 26 and 3601?
13
What is the highest common divisor of 20 and 484?
4
What is the highest common divisor of 20079 and 23?
23
What is the greatest common divisor of 1116 and 972?
36
What is the greatest common factor of 16 and 1120?
16
What is the highest common divisor of 226 and 15368?
226
What is the greatest common factor of 203 and 1073?
29
Calculate the highest common factor of 429 and 9.
3
Calculate the highest common divisor of 123 and 15375.
123
What is the highest common factor of 4422 and 726?
66
What is the highest common factor of 51 and 68?
17
What is the greatest common divisor of 975 and 1425?
75
Calculate the highest common divisor of 18 and 42.
6
What is the greatest common factor of 119 and 161?
7
Calculate the highest common factor of 183 and 3904.
61
What is the highest common factor of 72 and 126?
18
Calculate the greatest common factor of 8 and 7048.
8
Calculate the greatest common divisor of 1588 and 4.
4
What is the greatest common factor of 12584 and 156?
52
What is the highest common divisor of 7 and 462?
7
What is the highest common divisor of 32580 and 36?
36
What is the greatest common divisor of 71 and 426?
71
Calculate the greatest common factor of 308 and 6860.
28
Calculate the greatest common divisor of 445 and 22606.
89
Calculate the greatest common divisor of 36 and 45.
9
What is the greatest common factor of 804 and 564?
12
Calculate the greatest common factor of 23103 and 17.
17
Calculate the highest common factor of 2432 and 1178.
38
Calculate the highest common divisor of 39 and 57.
3
Calculate the greatest common factor of 18 and 117.
9
What is the highest common factor of 16 and 1024?
16
What is the highest common factor of 18 and 69?
3
What is the greatest common divisor of 2033 and 1284?
107
What is the highest common factor of 1209 and 93?
93
What is the highest common factor of 18 and 363?
3
Calculate the highest common divisor of 54 and 42.
6
Calculate the greatest common divisor of 3 and 1065.
3
What is the greatest common factor of 5 and 305?
5
Calculate the highest common factor of 1911 and 294.
147
Calculate the highest common factor of 3108 and 168.
84
Calculate the greatest common divisor of 1624 and 112.
56
What is the greatest common factor of 8836 and 4?
4
Calculate the highest common factor of 6099 and 228.
57
What is the highest common factor of 69 and 276?
69
What is the highest common factor of 175 and 145075?
175
What is the greatest common factor of 9 and 1251?
9
What is the highest common factor of 71 and 284?
71
Calculate the highest common divisor of 7503 and 183.
183
Calculate the highest common factor of 2075 and 83.
83
Calculate the greatest common divisor of 30 and 22270.
10
Calculate the greatest common factor of 370 and 70.
10
Calculate the highest common factor of 96 and 216.
24
What is the greatest common factor of 1056 and 96?
96
Calculate the highest common factor of 78 and 429.
39
Calculate the greatest common factor of 63 and 729.
9
Calculate the greatest common factor of 7 and 581.
7
Calculate the highest common divisor of 72 and 126.
18
What is the greatest common factor of 17 and 9758?
17
What is the greatest common divisor of 170 and 816?
34
What 